 is the thousands digit of 59137?
9
What is the units digit of 55?
5
What is the units digit of 735?
5
What is the thousands digit of 41651?
1
What is the hundreds digit of 23121?
1
What is the hundreds digit of 3633?
6
What is the tens digit of 143065?
6
What is the tens digit of 13395?
9
What is the tens digit of 223?
2
What is the hundreds digit of 27558?
5
What is the units digit of 23754?
4
What is the tens digit of 4957?
5
What is the thousands digit of 19540?
9
What is the units digit of 667?
7
What is the ten thousands digit of 34345?
3
What is the hundreds digit of 80105?
1
What is the units digit of 403?
3
What is the hundreds digit of 28222?
2
What is the thousands digit of 26694?
6
What is the ten thousands digit of 62135?
6
What is the units digit of 2157?
7
What is the units digit of 4889?
9
What is the units digit of 72437?
7
What is the tens digit of 525?
2
What is the units digit of 204?
4
What is the units digit of 28033?
3
What is the units digit of 128061?
1
What is the units digit of 1688?
8
What is the units digit of 1719?
9
What is the ten thousands digit of 37773?
3
What is the thousands digit of 44794?
4
What is the units digit of 9581?
1
What is the tens digit of 4856?
5
What is the tens digit of 982?
8
What is the hundreds digit of 12409?
4
What is the hundreds digit of 1568?
5
What is the tens digit of 2597?
9
What is the tens digit of 6772?
7
What is the units digit of 144800?
0
What is the hundreds digit of 1237?
2
What is the thousands digit of 5457?
5
What is the units digit of 9963?
3
What is the hundreds digit of 19409?
4
What is the tens digit of 284?
8
What is the units digit of 446?
6
What is the hundreds digit of 9097?
0
What is the units digit of 615?
5
What is the tens digit of 10868?
6
What is the thousands digit of 5037?
5
What is the units digit of 2502?
2
What is the thousands digit of 10282?
0
What is the hundreds digit of 1971?
9
What is the hundreds digit of 238?
2
What is the tens digit of 26194?
9
What is the tens digit of 17634?
3
What is the units digit of 7289?
9
What is the tens digit of 140547?
4
What is the hundreds digit of 600?
6
What is the units digit of 124?
4
What is the hundreds digit of 11388?
3
What is the hundreds digit of 354?
3
What is the tens digit of 40953?
5
What is the tens digit of 1421?
2
What is the ten thousands digit of 81696?
8
What is the units digit of 12918?
8
What is the tens digit of 750?
5
What is the thousands digit of 4987?
4
What is the tens digit of 1142?
4
What is the ten thousands digit of 92932?
9
What is the tens digit of 1464?
6
What is the tens digit of 34624?
2
What is the ten thousands digit of 10811?
1
What is the units digit of 2781?
1
What is the units digit of 345?
5
What is the tens digit of 3710?
1
What is the units digit of 3373?
3
What is the thousands digit of 140536?
0
What is the hundreds digit of 211?
2
What is the units digit of 1449?
9
What is the tens digit of 28555?
5
What is the tens digit of 100412?
1
What is the tens digit of 15779?
7
What is the units digit of 1959?
9
What is the units digit of 30667?
7
What is the tens digit of 56549?
4
What is the units digit of 16?
6
What is the thousands digit of 47245?
7
What is the tens digit of 5479?
7
What is the hundreds digit of 44611?
6
What is the thousands digit of 8068?
8
What is the tens digit of 7484?
8
What is the thousands digit of 1678?
1
What is the tens digit of 1053?
5
What is the hundreds digit of 455?
4
What is the units digit of 1019?
9
What is the units digit of 854?
4
What is the units digit of 1802?
2
What is the thousands digit of 56104?
6
What is the tens digit of 18522?
2
What is the ten thousands digit of 105111?
0
What is the tens digit of 373?
7
What is the tens digit of 650?
5
What is the tens digit of 49852?
5
What is the tens digit of 34039?
3
What is the hundreds digit of 9905?
9
What is the units digit of 38100?
0
What is the hundreds digit of 15597?
5
What is the tens digit of 5762?
6
What is the tens digit of 1459?
5
What is the tens digit of 678?
7
What is the units digit of 6215?
5
What is the hundreds digit of 466?
4
What is the thousands digit of 3353?
3
What is the thousands digit of 8668?
8
What is the hundreds digit of 3169?
1
What is the hundreds digit of 3339?
3
What is the units digit of 544?
4
What is the tens digit of 30?
3
What is the hundreds digit of 112059?
0
What is the units digit of 40442?
2
What is the thousands digit of 2575?
2
What is the units digit of 2859?
9
What is the hundreds digit of 208?
2
What is the thousands digit of 4917?
4
What is the tens digit of 9316?
1
What is the hundreds digit of 962?
9
What is the units digit of 709?
9
What is the units digit of 615?
5
What is the units digit of 15052?
2
What is the units digit of 50367?
7
What is the units digit of 275?
5
What is the hundreds digit of 15258?
2
What is the hundreds digit of 33967?
9
What is the units digit of 1121?
1
What is the hundreds digit of 4054?
0
What is the thousands digit of 2292?
2
What is the units digit of 58782?
2
What is the units digit of 2054?
4
What is the hundreds digit of 31379?
3
What is the thousands digit of 57184?
7
What is the thousands digit of 2196?
2
What is the thousands digit of 7010?
7
What is the hundreds digit of 13098?
0
What is the hundreds digit of 3969?
9
What is the tens digit of 467?
6
What is the thousands digit of 8693?
8
What is the thousands digit of 1862?
1
What is the tens digit of 8409?
0
What is the units digit of 4496?
6
What is the tens digit of 828?
2
What is the units digit of 1134?
4
What is the units digit of 8096?
6
What is the tens digit of 4255?
5
What is the units digit of 2322?
2
What is the units digit of 2037?
7
What is the hundreds digit of 453?
4
What is the thousands digit of 1800?
1
What is the tens digit of 695?
9
What is the units digit of 493?
3
What is the thousands digit of 35093?
5
What is the hundreds digit of 6120?
1
What is the hundreds digit of 207?
2
What is the hundreds digit of 14543?
5
What is the units digit of 406?
6
What is the hundreds digit of 4474?
4
What is the thousands digit of 15462?
5
What is the ten thousands digit of 29047?
2
What is the thousands digit of 2788?
2
What is the hundreds digit of 13775?
7
What is the units digit of 45160?
0
What is the tens digit of 753?
5
What is the thousands digit of 2540?
2
What is the units digit of 785?
5
What is the ten thousands digit of 117129?
1
What is the hundreds digit of 5759?
7
What is the units digit of 2491?
1
What is the thousands digit of 21653?
1
What is the ten thousands digit of 48504?
4
What is the hundreds digit of 489?
4
What is the ten thousands digit of 150161?
5
What is the thousands digit of 24337?
4
What is the ten thousands digit of 33512?
3
What is the tens digit of 541?
4
What is the units digit of 149115?
5
What is the hundreds digit of 808?
8
What is the tens digit of 15407?
0
What is the tens digit of 112871?
7
What is the units digit of 32863?
3
What is the units digit of 7517?
7
What is the hundreds digit of 405?
4
What is the hundreds digit of 18771?
7
What is the units digit of 5346?
6
What is the hundreds digit of 38169?
1
What is the tens digit of 14857?
5
What is the units digit of 162985?
5
What is the units digit of 9207?
7
What is the hundreds digit of 23465?
4
What is the tens digit of 54599?
9
What is the units digit of 29463?
3
What is the units digit of 19474?
4
What is the ten thousands digit of 82467?
8
What is the tens digit of 85540?
4
What is the thousands digit of 4945?
4
What is the thousands digit of 25771?
5
What is the units digit of 1918?
8
What is the hundreds digit of 9659?
6
What is the hundreds digit of 3442?
4
What is the thousands digit of 2731?
2
What is the hundreds digit of 66228?
2
What is the hundreds digit of 2975?
9
What is the thousands digit of 1330?
1
What is the hundreds digit of 4919?
9
What is the thousands digit of 9449?
9
What is the tens digit of 3895?
9
What is the units digit of 43852?
2
What is the units digit of 11130?
0
What is the hundreds digit of 8444?
4
What is the ten thousands digit of 52303?
5
What is the units digit of 1767?
7
What is the tens digit of 2155?
5
What is the tens digit of 4686?
8
What is the hundreds digit of 6001?
0
What is the hun